
15
Let n(x) = 5644*x - 4. Calculate n(0).
-4
Let w(v) = -v**3 - 50*v**2 - 382*v + 728. Calculate w(-40).
8
Let f(o) = 188*o - 8654. What is f(46)?
-6
Let c(n) = -153*n - 71. Determine c(3).
-530
Let h(t) = -7*t**3 + 3*t**2 + 2*t. Give h(2).
-40
Let g(d) = -6*d**2 - 487*d - 998. What is g(-79)?
29
Let p(u) = 5*u**3 + 17*u**2 - 13*u - 4. Give p(-4).
0
Let a(c) = -2*c + 158. What is a(90)?
-22
Let y(p) = 9*p**2 + 4*p - 26. What is y(-3)?
43
Let o(x) = -5*x - 117. Calculate o(5).
-142
Let u(c) = -2070*c + 128342. Determine u(62).
2
Let f(w) = -1753*w - 8786. Give f(-5).
-21
Let i(q) = 18*q + 20. Give i(-11).
-178
Let m(s) = 11*s**2 - 119*s - 36. What is m(11)?
-14
Let v(n) = 9*n**2 + 14*n + 67. Calculate v(-4).
155
Let h(u) = -283*u + 2435. Calculate h(10).
-395
Let x(u) = -11*u**3 + 2*u**2 + 10*u + 28. Calculate x(-4).
724
Let r(f) = 8*f - 452. Calculate r(71).
116
Let a(i) = -3282*i - 36104. Calculate a(-11).
-2
Let k(y) = 222*y + 2889. Give k(-13).
3
Let x(b) = b**3 + 13*b**2 - 25*b - 23. Give x(-15).
-98
Let r(y) = 62*y**2 + 3*y - 6. Determine r(-2).
236
Let f(w) = -w**3 + 12*w**2 + 75*w - 452. What is f(15)?
-2
Let d(o) = -o**3 + 32*o**2 - 4*o + 100. Determine d(32).
-28
Let q(r) = r**3 - 14*r**2 - 5*r + 83. What is q(14)?
13
Let p(v) = 12*v**2 - 76*v + 4. What is p(6)?
-20
Let w(u) = -u**3 - 11*u**2 - 182*u - 473. Determine w(-3).
1
Let j(u) = -5*u**3 + 37*u**2 - 45*u + 11. What is j(6)?
-7
Let j(i) = 8*i**3 - 6*i**2 - 9*i - 13. What is j(-3)?
-256
Let g(p) = p**2 - 124*p + 545. What is g(4)?
65
Let q(x) = 16*x + 1087. What is q(-68)?
-1
Let x(l) = 10*l - 56. Give x(33).
274
Let y(i) = -2*i**2 - 80*i - 781. Determine y(-31).
-223
Let d(m) = -31*m - 1024. What is d(-33)?
-1
Let y(p) = p**3 + 89*p**2 - 275*p + 104. What is y(-92)?
12
Let m(s) = 2*s**2 - 133*s + 430. Determine m(66).
364
Let a(p) = 7*p**2 - 42*p + 44. Give a(5).
9
Let w(q) = 17*q**2 - 323*q + 315. Calculate w(18).
9
Let c(t) = 9*t - 22. Calculate c(0).
-22
Let o(g) = g**3 + 38*g**2 + 130*g - 17. What is o(-4)?
7
Let g(n) = -2*n + 106. What is g(-34)?
174
Let q(z) = -46*z - 9. Give q(-2).
83
Let q(o) = -108*o - 251. Calculate q(-2).
-35
Let s(m) = -10*m + 298. Determine s(23).
68
Let f(d) = -2*d**2 + 36*d - 42. What is f(17)?
-8
Let j(w) = -1009*w**2 - 6058*w - 14. Calculate j(-6).
10
Let a(q) = -6480*q + 12968. What is a(2)?
8
Let a(h) = h**3 + 25*h**2 - 225*h - 2278. What is a(-30)?
-28
Let w(l) = 25*l + 396. Give w(-16).
-4
Let r(z) = 2*z**3 + 25*z**2 - 3*z + 49. Calculate r(-13).
-81
Let f(r) = 7*r - 21. What is f(-6)?
-63
Let b(y) = 7*y**3 - 47*y**2 + 27*y + 9. Calculate b(6).
-9
Let q(d) = 175*d + 18049. What is q(-103)?
24
Let l(v) = -6*v**2 - 27*v + 712. Give l(9).
-17
Let q(k) = -k**3 + 92*k**2 - 73*k - 1630. Calculate q(91).
8
Let l(o) = -3*o**2 + 46*o + 84. Calculate l(15).
99
Let z(n) = 7*n**3 + 41*n**2 - 3*n + 13. Calculate z(-6).
-5
Let x(b) = b**2 - 85*b + 484. Give x(79).
10
Let k(b) = -335*b + 3772. Give k(11).
87
Let w(o) = -o**2 - 71*o - 750. Calculate w(-69).
-612
Let n(u) = -3*u**3 - 40*u**2 + 2*u + 80. Calculate n(-13).
-115
Let z(v) = -100*v + 3717. Calculate z(38).
-83
Let u(c) = 4*c**2 + 1601*c - 4833. Calculate u(3).
6
Let t(o) = -84*o + 1013. What is t(13)?
-79
Let g(l) = -2*l**3 + 30*l**2 - 3*l + 28. Give g(16).
-532
Let w(d) = -9*d + 193. What is w(22)?
-5
Let h(d) = 16*d**2 + 17*d + 32. What is h(-4)?
220
Let u(o) = -2285*o + 11448. Give u(5).
23
Let h(o) = -2*o**3 - 8*o**2 + 43*o + 11. What is h(-7)?
4
Let o(f) = 146*f + 3496. Determine o(-24).
-8
Let b(t) = -2*t**2 + 60*t + 883. What is b(41)?
-19
Let w(n) = -2*n**2 - 392*n + 4966. Determine w(12).
-26
Let m(o) = -4*o**3 + 65*o**2 - 14*o + 27. Calculate m(16).
59
Let r(p) = 8*p**2 + 114*p + 1. What is r(0)?
1
Let f(w) = 2*w**2 - 23*w + 148. What is f(15)?
253
Let s(h) = 62*h - 1287. What is s(21)?
15
Let u(g) = g**3 + 8*g**2 + 65*g + 513. Give u(-8).
-7
Let r(s) = -s**2 + 59*s - 97. Calculate r(51).
311
Let a(i) = -i**3 + 144*i**2 - 138*i - 736. Determine a(143).
-21
Let c(u) = -370*u - 57. Determine c(-2).
683
Let r(g) = -g**2 - 744*g - 2229. Determine r(-3).
-6
Let v(d) = d**3 - 9*d**2 - 18*d + 208. Give v(8).
0
Let a(b) = -b**3 + 5*b**2 - 14*b + 150. Determine a(7).
-46
Let l(f) = -2*f**3 + 12*f**2 + 9*f + 46. Give l(7).
11
Let l(v) = 3*v**3 + 30*v**2 + 2*v + 65. What is l(-10)?
45
Let b(z) = z**2 - 1667*z - 15077. Give b(-9).
7
Let l(a) = -762*a - 94481. Determine l(-124).
7
Let y(u) = -u**3 - 2*u**2 + 102*u - 100. What is y(1)?
-1
Let j(a) = a**3 + 2*a**2 - 18*a + 49. What is j(4)?
73
Let n(g) = -15*g**2 - 11*g - 15. Give n(-2).
-53
Let j(y) = 3793*y - 3781. What is j(1)?
12
Let j(z) = -z**3 + 12*z**2 + 12*z - 50. Determine j(13).
-63
Let h(z) = 20*z - 894. Give h(38).
-134
Let i(m) = 2*m + 30. Determine i(-14).
2
Let s(r) = r**2 + 80*r + 334. Give s(-4).
30
Let m(n) = 2304*n + 11306. Calculate m(-5).
-214
Let w(m) = 803*m - 8026. What is w(10)?
4
Let x(f) = -f**2 + 19*f - 88. Give x(4).
-28
Let l(z) = 10*z**3 - 199*z**2 - 18*z - 52. Determine l(20).
-12
Let x(z) = -9*z + 121. Determine x(13).
4
Let d(v) = -v**3 - 81*v**2 - 311*v - 191. Determine d(-77).
40
Let k(i) = 991*i - 8203. Calculate k(8).
-275
Let l(r) = 23*r**2 + 243*r - 397. Give l(-12).
-1
Let q(j) = -j**2 + 755*j - 25194. Calculate q(35).
6
Let c(b) = 4*b**2 + 284*b + 1797. What is c(-64)?
5
Let o(p) = -p**3 + 3*p**2 + 18*p - 58. Calculate o(3).
-4
Let j(l) = 394*l + 387. Calculate j(-1).
-7
Let s(t) = -t - 133. What is s(27)?
-160
Let h(p) = -3*p**2 + 42*p + 37. What is h(18)?
-179
Let r(t) = 3*t**2 + 28*t + 3. What is r(-5)?
-62
Let w(i) = -7*i - 233. Calculate w(5).
-268
Let z(k) = 26157*k + 5. Calculate z(0).
5
Let n(a) = 3*a**2 + 32*a + 69. What is n(-4)?
-11
Let s(u) = -6*u**3 - 5*u**2 + 27*u - 52. Determine s(3).
-178
Let v(j) = 2*j**2 - 5*j + 3. Calculate v(8).
91
Let m(u) = 81*u + 1705. What is m(-17)?
328
Let v(g) = 2*g**3 + 25*g**2 + 46*g + 4. Determine v(-2).
-4
Let l(f) = 56*f + 558. Calculate l(-10).
-2
Let s(n) = 447*n - 5397. What is s(12)?
-33
Let b(s) = -2*s**3 - 85*s**2 + 308*s - 652. Give b(-46).
-8
Let d(q) = 4*q**3 + 271*q**2 + 196*q - 342. Give d(-67).
-7
Let t(g) = g**3 - 9*g**2 - 86*g - 66. Give t(15).
-6
Let t(k) = 2*k**2 - 123*k - 8554. Give t(103).
-5
Let r(w) = w**3 + 10*w**2 - 27*w - 131. Determine r(-11).
45
Let d(z) = -z**3 + 16*z**2 - 4*z - 20. Determine d(16).
-84
Let s(y) = 3*y**3 + 9*y**2 - 7*y - 76. What is s(-3)?
-55
Let l(z) = -z**3 + 9*z**2 + 117*z - 25. Give l(16).
55
Let m(f) = f**2 + 51*f + 606. Give m(-21).
-24
Let j(l) = -2*l**2 + 3*l + 28. Give j(-6).
-62
Let b(u) = u**3 + 48*u**2 - 52*u - 127. Give b(-49).
20
Let c(t) = -18*t - 104. Give c(-12).
112
Let q(b) = -22*b**2 + 7*b - 676. Determine q(0).
-676
Let m(c) = -c**3 - 19*c**2 + 25*c + 146. Give m(-20).
46
Let w(i) = -2*i**3 - 40*i**2 - 43*i + 49. Determine w(-19).
144
Let p(z) = z**3 + 47*z**2 - 10*z - 472. What is p(-47)?
-2
Let i(p) = 44*p**2 + 426*p - 143. Determine i(-10).
-3
Let w(q) = q**3 - 20*q**2 - 41*q + 274. Calculate w(21).
-146
Let q(t) = t**3 - 9*t**2 - 83*t - 109. Determine q(15).
-4
Let v(d) = d**3 + d**2 + 10*d + 19. Calculate v(0).
19
Let m(d) = -1151*d + 1150. Determine m(1).
-1
Let n(w) = -44*w - 2141. Determine n(-46).
-117
Let d(b) = -b**2 - 374*b - 1848. What is d(-5)?
-3
Let k(w) = -w**2 + 5*w + 35. Calculate k(9).
-1
Let f(v) = -v**3 + 25*v**2 - 153*v. Calculate f(10).
-30
Let q(i) = -i**2 + 107*i - 2712. Give q(61).
94
Let f(x) = -2*x**2 + 153*x + 3522. Give f(95).
7
Let j(d) = -4*d**3 + 196*d**2 - 40*d + 1965. Calculate j(49).
5
Let w(r) = r**3 + 24*r**2 - 375*r + 354. Calculate w(-35).
4
Let t(p) = 45*p**2 - 5*p. Determine t(2).
170
Let j(i) = -120*i + 2477. Determine j(21).
-43
Let q(i) = -557*i - 13394. Determine q(-24).
-26
Let w(b) = 75*b**2 + 903*b - 11. What is w(-12)?
-47
Let b(d) = -d**3 - 12*d**2 + 111*d - 12. Calculate b(6).
6
Let s(n) = 843*n + 8425. Determine s(-10).
-5
Let t(q) = q**3 + 8*q - 30. Calculate t(2).
-6
Let i(c) = 37*c - 9. What is i(3)?
102
Let z(q) = q**3 - 7*q**2 - 27*q + 5. Determine z(-6).
-301
Let d(a) = -3*a**3 + 59*a**2 + 15*a + 80. What is d(20)?
-20
Let l(t) = -206*t - 818. Give l(-4).
6
Let x(o) = -60*o**2 - 2. Give x(3).
-542
Let z(g) = -6*g**2 - 41*g - 6. Calc